{"id":1262,"date":"2025-04-22T07:54:50","date_gmt":"2025-04-22T07:54:50","guid":{"rendered":"https:\/\/www.nsi.lt\/?post_type=product&#038;p=1262"},"modified":"2025-04-23T06:36:54","modified_gmt":"2025-04-23T06:36:54","slug":"plyta-wienerberger-linnaeus-robinia","status":"publish","type":"product","link":"https:\/\/vygandaslepsys.lt\/nsi\/produktas\/plyta-wienerberger-linnaeus-robinia\/","title":{"rendered":"Plyta Wienerberger LINNAEUS Robinia"},"content":{"rendered":"<h2>Produkto Ap\u017evalga<\/h2>\n<p>Klinkerio plytos LINNAEUS Robinia yra gaminamos \u0161i\u0173 matmen\u0173 (288*88*48 mm). \u0160i\u0173 matmen\u0173 plytos yra tinkamos:<br \/>\n\u2022 fasad\u0173 apdailai<br \/>\n\u2022 vidin\u0117ms pertvaroms ir kitiems interjero elementams<br \/>\n\u2022 \u017eidini\u0173 ir kamin\u0173 apdailai<br \/>\n\u2022 lauko \u017eidini\u0173 ar grili\u0173 statybai<\/p>\n","protected":false},"excerpt":{"rendered":"<ul>\n<li>Rankinio formavimo sendintos plytos.<\/li>\n<li>Kilm\u0117s \u0161alis &#8211; Belgija.<\/li>\n<li>Tinka fasad\u0173 apdailai, \u017eidini\u0173 ir kamin\u0173 apdirbimui, vidin\u0117ms pertvaroms ir kt.<\/li>\n<li>Matmenys 288x88x48 mm.<\/li>\n<li>I\u0161eiga: apie 56 vnt\/m\u00b2.<\/li>\n<li>Vandens absorbcija:\u00a0\u2264 8 %.<\/li>\n<li>Atsparumas \u0161al\u010diui (ilgaam\u017ei\u0161kumas) &#8211; F2.<\/li>\n<li>Pad\u0117klas &#8211; 804 vnt.<\/li>\n<li>Vieneto svoris &#8211; 1,97 kg, pad\u0117klo svoris &#8211; 1583,88 kg.<\/li>\n<li><strong>\u0160iuo metu sand\u0117lyje neturime.<\/strong><\/li>\n<\/ul>\n","protected":false},"featured_media":1263,"comment_status":"open","ping_status":"closed","template":"","meta":[],"product_brand":[],"product_cat":[18,71],"product_tag":[72,33],"class_list":{"0":"post-1262","1":"product","2":"type-product","3":"status-publish","4":"has-post-thumbnail","6":"product_cat-plytos","7":"product_cat-wienerberger-plytos-plytos","8":"product_tag-plytos","9":"product_tag-wienerberger","11":"first","12":"outofstock","13":"taxable","14":"shipping-taxable","15":"product-type-simple"},"jetpack_sharing_enabled":true,"_links":{"self":[{"href":"https:\/\/vygandaslepsys.lt\/nsi\/wp-json\/wp\/v2\/product\/1262","targetHints":{"allow":["GET"]}}],"collection":[{"href":"https:\/\/vygandaslepsys.lt\/nsi\/wp-json\/wp\/v2\/product"}],"about":[{"href":"https:\/\/vygandaslepsys.lt\/nsi\/wp-json\/wp\/v2\/types\/product"}],"replies":[{"embeddable":true,"href":"https:\/\/vygandaslepsys.lt\/nsi\/wp-json\/wp\/v2\/comments?post=1262"}],"wp:featuredmedia":[{"embeddable":true,"href":"https:\/\/vygandaslepsys.lt\/nsi\/wp-json\/wp\/v2\/media\/1263"}],"wp:attachment":[{"href":"https:\/\/vygandaslepsys.lt\/nsi\/wp-json\/wp\/v2\/media?parent=1262"}],"wp:term":[{"taxonomy":"product_brand","embeddable":true,"href":"https:\/\/vygandaslepsys.lt\/nsi\/wp-json\/wp\/v2\/product_brand?post=1262"},{"taxonomy":"product_cat","embeddable":true,"href":"https:\/\/vygandaslepsys.lt\/nsi\/wp-json\/wp\/v2\/product_cat?post=1262"},{"taxonomy":"product_tag","embeddable":true,"href":"https:\/\/vygandaslepsys.lt\/nsi\/wp-json\/wp\/v2\/product_tag?post=1262"}],"curies":[{"name":"wp","href":"https:\/\/api.w.org\/{rel}","templated":true}]}}