{"id":1615,"date":"2025-04-25T07:09:47","date_gmt":"2025-04-25T07:09:47","guid":{"rendered":"https:\/\/www.nsi.lt\/?post_type=product&#038;p=1615"},"modified":"2025-05-08T15:22:04","modified_gmt":"2025-05-08T15:22:04","slug":"keramine-uzkaitine-cerpe-wienerberger-alegra-9","status":"publish","type":"product","link":"https:\/\/vygandaslepsys.lt\/nsi\/produktas\/keramine-uzkaitine-cerpe-wienerberger-alegra-9\/","title":{"rendered":"Keramin\u0117 u\u017ekaitin\u0117 \u010derp\u0117 WIENERBERGER Alegra 9"},"content":{"rendered":"<p>M\u016bro mi\u0161inio frakcija: 0-1.2 mm.<br \/>\nDarbo temperat\u016bra: +5 iki +30.<br \/>\nParuo\u0161to skiedinio sunaudojimo laikas: 2 val.<br \/>\nMai\u0161ymo proporcijos : 25 kg mi\u0161inio \u2013 2.0-2.2 litro vandens.<br \/>\nI\u0161eiga: 5 m2 i\u0161 25 kg mai\u0161o.<br \/>\nRekomenduojamas si\u016bl\u0117s gylis: 15 mm.<\/p>\n<p><strong>Prek\u0117 yra gamintojo sand\u0117lyje<\/strong><\/p>\n","protected":false},"excerpt":{"rendered":"<h2>Produkto apra\u0161ymas<\/h2>\n<p><strong>Bendri nurodymai:<\/strong><br \/>\n\u010cerpi\u0173 danga naudojama \u0161laitiniams stogams u\u017edengti, kuri\u0173 rekomenduojamas nuolydis 10-90\u00ba<\/p>\n<p><strong>Spalvos:<\/strong>\u00a0nat\u016brali molio, raudona angoba, juoda angoba, raudona angoba blizgi, raudonmed\u017eio angoba blizgi,\u00a0juoda angoba blizgi.<\/p>\n<p><a href=\"http:\/\/www.nsi.lt\/wp-content\/uploads\/2025\/04\/LT_MKT_GDE_ILL_2D_Alegra9_mont_instr.pdf\">LT_MKT_GDE_ILL_2D_Alegra9_mont_instr<\/a><\/p>\n","protected":false},"featured_media":1628,"comment_status":"open","ping_status":"closed","template":"","meta":[],"product_brand":[],"product_cat":[34,94,35],"product_tag":[36,95,33],"class_list":{"0":"post-1615","1":"product","2":"type-product","3":"status-publish","4":"has-post-thumbnail","6":"product_cat-cerpes","7":"product_cat-keramines-cerpes","8":"product_cat-wienerberger","9":"product_tag-cerpes","10":"product_tag-keramines-cerpes","11":"product_tag-wienerberger","13":"first","14":"outofstock","15":"taxable","16":"shipping-taxable","17":"product-type-variable"},"jetpack_sharing_enabled":true,"_links":{"self":[{"href":"https:\/\/vygandaslepsys.lt\/nsi\/wp-json\/wp\/v2\/product\/1615","targetHints":{"allow":["GET"]}}],"collection":[{"href":"https:\/\/vygandaslepsys.lt\/nsi\/wp-json\/wp\/v2\/product"}],"about":[{"href":"https:\/\/vygandaslepsys.lt\/nsi\/wp-json\/wp\/v2\/types\/product"}],"replies":[{"embeddable":true,"href":"https:\/\/vygandaslepsys.lt\/nsi\/wp-json\/wp\/v2\/comments?post=1615"}],"wp:featuredmedia":[{"embeddable":true,"href":"https:\/\/vygandaslepsys.lt\/nsi\/wp-json\/wp\/v2\/media\/1628"}],"wp:attachment":[{"href":"https:\/\/vygandaslepsys.lt\/nsi\/wp-json\/wp\/v2\/media?parent=1615"}],"wp:term":[{"taxonomy":"product_brand","embeddable":true,"href":"https:\/\/vygandaslepsys.lt\/nsi\/wp-json\/wp\/v2\/product_brand?post=1615"},{"taxonomy":"product_cat","embeddable":true,"href":"https:\/\/vygandaslepsys.lt\/nsi\/wp-json\/wp\/v2\/product_cat?post=1615"},{"taxonomy":"product_tag","embeddable":true,"href":"https:\/\/vygandaslepsys.lt\/nsi\/wp-json\/wp\/v2\/product_tag?post=1615"}],"curies":[{"name":"wp","href":"https:\/\/api.w.org\/{rel}","templated":true}]}}