{"id":1669,"date":"2025-04-25T09:43:29","date_gmt":"2025-04-25T09:43:29","guid":{"rendered":"https:\/\/www.nsi.lt\/?post_type=product&#038;p=1669"},"modified":"2025-04-25T11:29:26","modified_gmt":"2025-04-25T11:29:26","slug":"keramine-uzkaitine-cerpe-wienerberger-alegra-12","status":"publish","type":"product","link":"https:\/\/vygandaslepsys.lt\/nsi\/produktas\/keramine-uzkaitine-cerpe-wienerberger-alegra-12\/","title":{"rendered":"Keramin\u0117 u\u017ekaitin\u0117 \u010derp\u0117 WIENERBERGER Alegra 12 (\u012fvairi\u0173 spalv\u0173)"},"content":{"rendered":"<ul>\n<li>Klasikin\u0117s S formos, nedidel\u0117s keramin\u0117s \u010derp\u0117s.<\/li>\n<li>Galima rinktis i\u0161 9 spalv\u0173 (rot engobiert, naturrot, edelkupfer, kupferbraun, anthrazit, edelrubinrot, edelgranat, edeltitan, edeltiefschwarz).<\/li>\n<li>Greb\u0117st\u0173 \u017eingsnis 33,0 &#8211; 36,0 cm.<\/li>\n<li>Plotis 27,0 cm, auk\u0161tis 44,0 cm.<\/li>\n<li>I\u0161eiga &#8211; 12,4 &#8211; 13,5 vnt\/m2.<\/li>\n<li>Minimalus nuolydis &#8211; 20 \u00b0.<\/li>\n<li>Kiekis pad\u0117kle &#8211; 240 vnt.<\/li>\n<\/ul>\n<p><strong>Prek\u0117 yra gamintojo sand\u0117lyje<\/strong><\/p>\n","protected":false},"excerpt":{"rendered":"<h2>Produkto apra\u0161ymas<\/h2>\n<p><strong>Bendri nurodymai:<\/strong><br \/>\nU\u017ekaitin\u0117 keramin\u0117 \u010derp\u0117 su dvigubu u\u017ekaitu Alegra 12<\/p>\n<p><strong>Spalvos:<\/strong><\/p>\n<p><a href=\"http:\/\/www.nsi.lt\/wp-content\/uploads\/2025\/04\/LT_MKT_DOC_TEC_Roof_techinfo_003.pdf\">Alegra 12 Technin\u0117 specifikacija<\/a><\/p>\n<p>&nbsp;<\/p>\n<p>&nbsp;<\/p>\n<p>&nbsp;<\/p>\n","protected":false},"featured_media":1676,"comment_status":"open","ping_status":"closed","template":"","meta":[],"product_brand":[],"product_cat":[34,94,35],"product_tag":[36,95,33],"class_list":{"0":"post-1669","1":"product","2":"type-product","3":"status-publish","4":"has-post-thumbnail","6":"product_cat-cerpes","7":"product_cat-keramines-cerpes","8":"product_cat-wienerberger","9":"product_tag-cerpes","10":"product_tag-keramines-cerpes","11":"product_tag-wienerberger","13":"first","14":"outofstock","15":"taxable","16":"shipping-taxable","17":"product-type-variable"},"jetpack_sharing_enabled":true,"_links":{"self":[{"href":"https:\/\/vygandaslepsys.lt\/nsi\/wp-json\/wp\/v2\/product\/1669","targetHints":{"allow":["GET"]}}],"collection":[{"href":"https:\/\/vygandaslepsys.lt\/nsi\/wp-json\/wp\/v2\/product"}],"about":[{"href":"https:\/\/vygandaslepsys.lt\/nsi\/wp-json\/wp\/v2\/types\/product"}],"replies":[{"embeddable":true,"href":"https:\/\/vygandaslepsys.lt\/nsi\/wp-json\/wp\/v2\/comments?post=1669"}],"wp:featuredmedia":[{"embeddable":true,"href":"https:\/\/vygandaslepsys.lt\/nsi\/wp-json\/wp\/v2\/media\/1676"}],"wp:attachment":[{"href":"https:\/\/vygandaslepsys.lt\/nsi\/wp-json\/wp\/v2\/media?parent=1669"}],"wp:term":[{"taxonomy":"product_brand","embeddable":true,"href":"https:\/\/vygandaslepsys.lt\/nsi\/wp-json\/wp\/v2\/product_brand?post=1669"},{"taxonomy":"product_cat","embeddable":true,"href":"https:\/\/vygandaslepsys.lt\/nsi\/wp-json\/wp\/v2\/product_cat?post=1669"},{"taxonomy":"product_tag","embeddable":true,"href":"https:\/\/vygandaslepsys.lt\/nsi\/wp-json\/wp\/v2\/product_tag?post=1669"}],"curies":[{"name":"wp","href":"https:\/\/api.w.org\/{rel}","templated":true}]}}