{"id":2217,"date":"2025-05-05T11:05:55","date_gmt":"2025-05-05T11:05:55","guid":{"rendered":"https:\/\/www.nsi.lt\/?post_type=product&#038;p=2217"},"modified":"2025-05-19T10:19:17","modified_gmt":"2025-05-19T10:19:17","slug":"stroher-aera-1475-crio-spalvos-plyteles-terasoms-ir-laiptams","status":"publish","type":"product","link":"https:\/\/vygandaslepsys.lt\/nsi\/produktas\/stroher-aera-1475-crio-spalvos-plyteles-terasoms-ir-laiptams\/","title":{"rendered":"Str\u00f6her Aera 1475 CRIO spalvos plytel\u0117s terasoms ir laiptams"},"content":{"rendered":"<p><strong>PRODUCT DETAILS:<\/strong><\/p>\n<div class=\"tab-content\" data-width=\"600\">\n<table>\n<tbody>\n<tr>\n<td>Colour number:<\/td>\n<td><\/td>\n<\/tr>\n<tr>\n<td>colour:<\/td>\n<td>\u00a0Crio<\/td>\n<\/tr>\n<tr>\n<td>series:<\/td>\n<td>\u00a0Aera<\/td>\n<\/tr>\n<tr>\n<td>Format no.:<\/td>\n<td><\/td>\n<\/tr>\n<tr>\n<td>format:<\/td>\n<td><\/td>\n<\/tr>\n<tr>\n<td>additional formats:<\/td>\n<td>none<\/td>\n<\/tr>\n<tr>\n<td>dimension:<\/td>\n<td><\/td>\n<\/tr>\n<tr>\n<td>Trim pieces:<\/td>\n<td>available<\/td>\n<\/tr>\n<tr>\n<td>water absorption:<\/td>\n<td><\/td>\n<\/tr>\n<tr>\n<td>lightness value:<\/td>\n<td>&#8211;<\/td>\n<\/tr>\n<tr>\n<td>pore radius:<\/td>\n<td>&#8211;<\/td>\n<\/tr>\n<tr>\n<td>pieces per m<sup>2<\/sup>:<\/td>\n<td><\/td>\n<\/tr>\n<\/tbody>\n<\/table>\n<\/div>\n","protected":false},"excerpt":{"rendered":"<p>AERA 1475, CRIO spalvos plytel\u0117s terasoms ir laiptams<\/p>\n<div class=\"woocommerce-product-details__short-description\">\n<ul>\n<li>Tai juostiniu b\u016bdu gaminamos, didel\u0119 nat\u016brali\u0173 spalv\u0173 gam\u0105 turin\u010dios, klinkerin\u0117s plytel\u0117s.<\/li>\n<li>Auk\u0161tos kokyb\u0117s tekst\u016brinis pavir\u0161ius.<\/li>\n<li>Atsparumas \u0161al\u010diui ir praslydumui.<\/li>\n<li>Tinka vidaus ir lauko apdailai.<\/li>\n<li>Galimi formatai &#8211; standartin\u0117s plytel\u0117s\u00a0 294x294x10 mm, didel\u0117s plytel\u0117s 444x294x10 mm, didel\u0117s plytel\u0117s 594x294x10 mm, rifliuota grind\u0173 plytel\u0117 294x300x10 mm, ma\u017ea pakopa 294x175x52x10 mm, pakopa 294x340x35x11 mm (modernaus tipo), kampin\u0117 plytel\u0117 340x340x35x11 mm (modernaus tipo), grindjuost\u0117s 294x70x10 mm, kampukas po pakopa &#8211; 157x52x52x10 mm, apvadai kair\u0117s\/de\u0161in\u0117s pus\u0117s.<\/li>\n<li>Gamintojas &#8211; vokie\u010di\u0173 kompanija STR\u00d6HER.<\/li>\n<li><strong>Turime sand\u0117lyje.<\/strong><\/li>\n<\/ul>\n<\/div>\n","protected":false},"featured_media":2242,"comment_status":"open","ping_status":"closed","template":"","meta":[],"product_brand":[],"product_cat":[106,17,101],"product_tag":[97,96,24,99,23,22,98],"class_list":{"0":"post-2217","1":"product","2":"type-product","3":"status-publish","4":"has-post-thumbnail","6":"product_cat-aera","7":"product_cat-plyteles","8":"product_cat-plyteles-grindims","9":"product_tag-aera","10":"product_tag-akcijos","11":"product_tag-klinkeris","12":"product_tag-laiptai","13":"product_tag-plytele","14":"product_tag-stroher","15":"product_tag-terasa","17":"first","18":"instock","19":"sale","20":"taxable","21":"shipping-taxable","22":"purchasable","23":"product-type-simple"},"jetpack_sharing_enabled":true,"_links":{"self":[{"href":"https:\/\/vygandaslepsys.lt\/nsi\/wp-json\/wp\/v2\/product\/2217","targetHints":{"allow":["GET"]}}],"collection":[{"href":"https:\/\/vygandaslepsys.lt\/nsi\/wp-json\/wp\/v2\/product"}],"about":[{"href":"https:\/\/vygandaslepsys.lt\/nsi\/wp-json\/wp\/v2\/types\/product"}],"replies":[{"embeddable":true,"href":"https:\/\/vygandaslepsys.lt\/nsi\/wp-json\/wp\/v2\/comments?post=2217"}],"wp:featuredmedia":[{"embeddable":true,"href":"https:\/\/vygandaslepsys.lt\/nsi\/wp-json\/wp\/v2\/media\/2242"}],"wp:attachment":[{"href":"https:\/\/vygandaslepsys.lt\/nsi\/wp-json\/wp\/v2\/media?parent=2217"}],"wp:term":[{"taxonomy":"product_brand","embeddable":true,"href":"https:\/\/vygandaslepsys.lt\/nsi\/wp-json\/wp\/v2\/product_brand?post=2217"},{"taxonomy":"product_cat","embeddable":true,"href":"https:\/\/vygandaslepsys.lt\/nsi\/wp-json\/wp\/v2\/product_cat?post=2217"},{"taxonomy":"product_tag","embeddable":true,"href":"https:\/\/vygandaslepsys.lt\/nsi\/wp-json\/wp\/v2\/product_tag?post=2217"}],"curies":[{"name":"wp","href":"https:\/\/api.w.org\/{rel}","templated":true}]}}