{"id":2265,"date":"2025-05-06T10:41:42","date_gmt":"2025-05-06T10:41:42","guid":{"rendered":"https:\/\/www.nsi.lt\/?post_type=product&#038;p=2265"},"modified":"2025-06-03T10:17:08","modified_gmt":"2025-06-03T10:17:08","slug":"stroher-aera-1471-baccar-spalvos-plyteles-terasoms-ir-laiptams","status":"publish","type":"product","link":"https:\/\/vygandaslepsys.lt\/nsi\/produktas\/stroher-aera-1471-baccar-spalvos-plyteles-terasoms-ir-laiptams\/","title":{"rendered":"Str\u00f6her Aera 1471 Baccar spalvos plytel\u0117s terasoms ir laiptams"},"content":{"rendered":"<p><strong>AERA PLYTELI\u0172 DYD\u017dIAI<\/strong><\/p>\n<p>&nbsp;<\/p>\n<p><img fetchpriority=\"high\" decoding=\"async\" class=\"alignnone wp-image-2689\" src=\"http:\/\/www.nsi.lt\/wp-content\/uploads\/2025\/05\/Aera-300x127.jpg\" alt=\"\" width=\"550\" height=\"232\" srcset=\"https:\/\/vygandaslepsys.lt\/nsi\/wp-content\/uploads\/2025\/05\/Aera-300x127.jpg 300w, https:\/\/vygandaslepsys.lt\/nsi\/wp-content\/uploads\/2025\/05\/Aera-768x324.jpg 768w, https:\/\/vygandaslepsys.lt\/nsi\/wp-content\/uploads\/2025\/05\/Aera-24x10.jpg 24w, https:\/\/vygandaslepsys.lt\/nsi\/wp-content\/uploads\/2025\/05\/Aera-36x15.jpg 36w, https:\/\/vygandaslepsys.lt\/nsi\/wp-content\/uploads\/2025\/05\/Aera-48x20.jpg 48w, https:\/\/vygandaslepsys.lt\/nsi\/wp-content\/uploads\/2025\/05\/Aera-600x253.jpg 600w, https:\/\/vygandaslepsys.lt\/nsi\/wp-content\/uploads\/2025\/05\/Aera.jpg 869w\" sizes=\"(max-width: 550px) 100vw, 550px\" \/><\/p>\n<p><strong>PRODUCT DETAILS:<\/strong><\/p>\n<table>\n<tbody>\n<tr>\n<td>Colour number:<\/td>\n<td>1471<\/td>\n<\/tr>\n<tr>\n<td>colour:<\/td>\n<td>baccar<\/td>\n<\/tr>\n<tr>\n<td>series:<\/td>\n<td>AERA<\/td>\n<\/tr>\n<tr>\n<td>Format no.:<\/td>\n<td><\/td>\n<\/tr>\n<tr>\n<td>format:<\/td>\n<td><\/td>\n<\/tr>\n<tr>\n<td>dimension (mm):<\/td>\n<td>294 x 294 x 10<\/td>\n<\/tr>\n<tr>\n<td>slip resistance:<\/td>\n<td>R 10\/A<\/td>\n<\/tr>\n<tr>\n<td>Abrasion:<\/td>\n<td>5<\/td>\n<\/tr>\n<\/tbody>\n<\/table>\n<p>&nbsp;<\/p>\n<p><!--themify_builder_static--><!--\/themify_builder_static--><\/p>\n","protected":false},"excerpt":{"rendered":"<p>AERA 1471, Bsccar spalvos plytel\u0117s terasoms ir laiptams.<\/p>\n<ul>\n<li>Tai juostiniu b\u016bdu gaminamos, didel\u0119 nat\u016brali\u0173 spalv\u0173 gam\u0105 turin\u010dios, klinkerin\u0117s plytel\u0117s.<\/li>\n<li>Auk\u0161tos kokyb\u0117s tekst\u016brinis pavir\u0161ius.<\/li>\n<li>Atsparumas \u0161al\u010diui ir praslydumui.<\/li>\n<li>Tinka vidaus ir lauko apdailai.<\/li>\n<li>Galimi formatai &#8211; standartin\u0117s plytel\u0117s\u00a0 294x294x10 mm, rifliuotos grind\u0173 plytel\u0117s 294x300x10 mm, ma\u017ea pakopa 294x175x52x10 mm, pakopa 294x340x35x11 mm\u00a0 (florentieti\u0161ko tipo), kampin\u0117 plytel\u0117 345x345x12 mm (florentieti\u0161ko tipo), grindjuost\u0117s 294x70x10 mm, kampukas po pakopa &#8211; 157x52x52x10 mm, apvadai de\u0161in\u0117s\/kair\u0117s pus\u0117s.<\/li>\n<li>U\u017esakoma tik pilnomis d\u0117\u017eut\u0117mis.<\/li>\n<li>Gamintojas &#8211; vokie\u010di\u0173 kompanija STR\u00d6HER.<\/li>\n<li><strong>Nesand\u0117liuojama pozicija.<\/strong><\/li>\n<\/ul>\n","protected":false},"featured_media":2269,"comment_status":"open","ping_status":"closed","template":"","meta":[],"product_brand":[],"product_cat":[106,17,101],"product_tag":[97,24,99,23,22,98],"class_list":{"0":"post-2265","1":"product","2":"type-product","3":"status-publish","4":"has-post-thumbnail","6":"product_cat-aera","7":"product_cat-plyteles","8":"product_cat-plyteles-grindims","9":"product_tag-aera","10":"product_tag-klinkeris","11":"product_tag-laiptai","12":"product_tag-plytele","13":"product_tag-stroher","14":"product_tag-terasa","16":"first","17":"outofstock","18":"taxable","19":"shipping-taxable","20":"product-type-simple"},"jetpack_sharing_enabled":true,"_links":{"self":[{"href":"https:\/\/vygandaslepsys.lt\/nsi\/wp-json\/wp\/v2\/product\/2265","targetHints":{"allow":["GET"]}}],"collection":[{"href":"https:\/\/vygandaslepsys.lt\/nsi\/wp-json\/wp\/v2\/product"}],"about":[{"href":"https:\/\/vygandaslepsys.lt\/nsi\/wp-json\/wp\/v2\/types\/product"}],"replies":[{"embeddable":true,"href":"https:\/\/vygandaslepsys.lt\/nsi\/wp-json\/wp\/v2\/comments?post=2265"}],"wp:featuredmedia":[{"embeddable":true,"href":"https:\/\/vygandaslepsys.lt\/nsi\/wp-json\/wp\/v2\/media\/2269"}],"wp:attachment":[{"href":"https:\/\/vygandaslepsys.lt\/nsi\/wp-json\/wp\/v2\/media?parent=2265"}],"wp:term":[{"taxonomy":"product_brand","embeddable":true,"href":"https:\/\/vygandaslepsys.lt\/nsi\/wp-json\/wp\/v2\/product_brand?post=2265"},{"taxonomy":"product_cat","embeddable":true,"href":"https:\/\/vygandaslepsys.lt\/nsi\/wp-json\/wp\/v2\/product_cat?post=2265"},{"taxonomy":"product_tag","embeddable":true,"href":"https:\/\/vygandaslepsys.lt\/nsi\/wp-json\/wp\/v2\/product_tag?post=2265"}],"curies":[{"name":"wp","href":"https:\/\/api.w.org\/{rel}","templated":true}]}}