{"id":288,"date":"2024-07-05T13:06:36","date_gmt":"2024-07-05T13:06:36","guid":{"rendered":"https:\/\/www.nsi.lt\/?post_type=product&#038;p=288"},"modified":"2025-06-03T09:32:38","modified_gmt":"2025-06-03T09:32:38","slug":"stroher-brickwerk-4526-klinkerio-plytele","status":"publish","type":"product","link":"https:\/\/vygandaslepsys.lt\/nsi\/produktas\/stroher-brickwerk-4526-klinkerio-plytele\/","title":{"rendered":"Str\u00f6her Brickwerk 4526 klinkerio plytel\u0117"},"content":{"rendered":"<p><strong>PRODUCT DETAILS:<\/strong><\/p>\n<table>\n<tbody>\n<tr>\n<td>Colour number:<\/td>\n<td>4526<\/td>\n<\/tr>\n<tr>\n<td>colour:<\/td>\n<td>flammenrot<\/td>\n<\/tr>\n<tr>\n<td>series:<\/td>\n<td>BRICKWERK<\/td>\n<\/tr>\n<tr>\n<td><\/td>\n<td><\/td>\n<\/tr>\n<tr>\n<td>format:<\/td>\n<td>DF, <a href=\"https:\/\/www.stroeher.com\/fassade\/serien\/brickwerk\/produktdetail\/?mlstrproducts_artikelnummer=95052-012.4526.Klinkerriemchen.BRICKWERK\">NF<\/a><\/td>\n<\/tr>\n<tr>\n<td><\/td>\n<td><\/td>\n<\/tr>\n<tr>\n<td><\/td>\n<td><\/td>\n<\/tr>\n<tr>\n<td>Trim pieces:<\/td>\n<td>available<\/td>\n<\/tr>\n<tr>\n<td>water absorption:<\/td>\n<td>3% &lt; Eb \u2264 6%%<\/td>\n<\/tr>\n<tr>\n<td>lightness value:<\/td>\n<td>&#8211;<\/td>\n<\/tr>\n<tr>\n<td>pore radius:<\/td>\n<td>&gt; 0,2 \u03bcm<\/td>\n<\/tr>\n<tr>\n<td>pieces per m<sup>2<\/sup>:<\/td>\n<td>64,00<\/td>\n<\/tr>\n<\/tbody>\n<\/table>\n","protected":false},"excerpt":{"rendered":"<p>BRICKWERK 4526 flammenrot<\/p>\n<div class=\"woocommerce-product-details__short-description\">\n<ul>\n<li>Intensyvi\u0173 spalv\u0173, su \u201esuod\u017ei\u0173\u2018\u2018 akcentais ir \u0161velniais padeginimais klinkerin\u0117s plytel\u0117s.<\/li>\n<li>Galimi \u0161ios spalvos formatai &#8211; fasadin\u0117 plytel\u0117 240x52x12 mm, kampin\u0117 fasadin\u0117 plytel\u0117 240x115x52x12 mm, fasadin\u0117 plytel\u0117 240x71x12 mm, kampin\u0117 fasadin\u0117 plytel\u0117 240x115x71x12 mm.<\/li>\n<li>\u012egeriamumas &lt; 6 proc.<\/li>\n<li>Gamintojas &#8211; vokie\u010di\u0173 kompanija STR\u00d6HER.<\/li>\n<li>Minimalus u\u017esakymo kiekis &#8211; 1 d\u0117\u017eut\u0117.<\/li>\n<li>\u0160io tipo plytel\u0117s nesand\u0117liuojamos.<\/li>\n<\/ul>\n<\/div>\n<p>&nbsp;<\/p>\n","protected":false},"featured_media":290,"comment_status":"open","ping_status":"closed","template":"","meta":[],"product_brand":[],"product_cat":[17,105],"product_tag":[24,23,22],"class_list":{"0":"post-288","1":"product","2":"type-product","3":"status-publish","4":"has-post-thumbnail","6":"product_cat-plyteles","7":"product_cat-plyteles-fasadams","8":"product_tag-klinkeris","9":"product_tag-plytele","10":"product_tag-stroher","12":"first","13":"outofstock","14":"taxable","15":"shipping-taxable","16":"product-type-variable"},"jetpack_sharing_enabled":true,"_links":{"self":[{"href":"https:\/\/vygandaslepsys.lt\/nsi\/wp-json\/wp\/v2\/product\/288","targetHints":{"allow":["GET"]}}],"collection":[{"href":"https:\/\/vygandaslepsys.lt\/nsi\/wp-json\/wp\/v2\/product"}],"about":[{"href":"https:\/\/vygandaslepsys.lt\/nsi\/wp-json\/wp\/v2\/types\/product"}],"replies":[{"embeddable":true,"href":"https:\/\/vygandaslepsys.lt\/nsi\/wp-json\/wp\/v2\/comments?post=288"}],"wp:featuredmedia":[{"embeddable":true,"href":"https:\/\/vygandaslepsys.lt\/nsi\/wp-json\/wp\/v2\/media\/290"}],"wp:attachment":[{"href":"https:\/\/vygandaslepsys.lt\/nsi\/wp-json\/wp\/v2\/media?parent=288"}],"wp:term":[{"taxonomy":"product_brand","embeddable":true,"href":"https:\/\/vygandaslepsys.lt\/nsi\/wp-json\/wp\/v2\/product_brand?post=288"},{"taxonomy":"product_cat","embeddable":true,"href":"https:\/\/vygandaslepsys.lt\/nsi\/wp-json\/wp\/v2\/product_cat?post=288"},{"taxonomy":"product_tag","embeddable":true,"href":"https:\/\/vygandaslepsys.lt\/nsi\/wp-json\/wp\/v2\/product_tag?post=288"}],"curies":[{"name":"wp","href":"https:\/\/api.w.org\/{rel}","templated":true}]}}