{"id":900,"date":"2024-11-28T18:32:07","date_gmt":"2024-11-28T18:32:07","guid":{"rendered":"https:\/\/www.nsi.lt\/?post_type=product&#038;p=900"},"modified":"2025-05-07T06:41:30","modified_gmt":"2025-05-07T06:41:30","slug":"remmers-valymo-rugstis-klinkerreiniger-ac","status":"publish","type":"product","link":"https:\/\/vygandaslepsys.lt\/nsi\/produktas\/remmers-valymo-rugstis-klinkerreiniger-ac\/","title":{"rendered":"Remmers valymo r\u016bg\u0161tis Klinkerreiniger AC"},"content":{"rendered":"<ul>\n<li>Vis\u0173 r\u016b\u0161i\u0173 m\u016brui viduje ir i\u0161or\u0117je, ypa\u010d klinkeriui, kietajam degintam akmeniui, dekoratyvin\u0117ms plytoms ir pan.<\/li>\n<li>Netinka naudoti ant kalkakmenio.<\/li>\n<li>R\u016bg\u0161tis, skirta kalki\u0173 ir cemento apna\u0161\u0173 valymui.<\/li>\n<li>Pa\u0161alina susidariusius kristalus ir travertin\u0105.I\u0161tirpdo skiedini\u0173 liku\u010dius, kalkes ir kalkakmen\u012f.<\/li>\n<li>Remmers Klinkerreiniger AC po veikimo sudaro lengvai tirpius junginius, kuriuos galima nuplauti su vandeniu.<\/li>\n<li><strong>\u0160iuo metu sand\u0117lyje neturime &#8211; u\u017esakomas produktas.<\/strong><\/li>\n<\/ul>\n<p><!--themify_builder_static--><a href=\"https:\/\/themify.me\/\" > Button Text <\/a><!--\/themify_builder_static--><\/p>\n","protected":false},"excerpt":{"rendered":"<h2>Kas yra Remmers klinkerreiniger ac?<\/h2>\n<p>Remmers klinkerreiniger ac yra specialiai sukurtas produktas, skirtas efektyviai valyti vis\u0173 r\u016b\u0161i\u0173 m\u016br\u0105 tiek viduje, tiek i\u0161or\u0117je. Tai ypa\u010d naudinga priemon\u0117 klinkerio, kiet\u0173j\u0173 degint\u0173 akmen\u0173 ir dekoratyvini\u0173 plyt\u0173 valymui.<\/p>\n<h2>Kaip veikia \u0161i valymo r\u016bg\u0161tis?<\/h2>\n<p>\u0160i r\u016bg\u0161tis efektyviai pa\u0161alina kalki\u0173 ir cemento apna\u0161as, i\u0161tirpdydama skiedini\u0173 liku\u010dius bei kalkes. Be to, ji sugeba pa\u0161alinti susidariusius kristalus ir travertin\u0105, palikdama pavir\u0161i\u0173 \u0161var\u0173 ir blizg\u0173.<\/p>\n<h2>Panaudojimas ir i\u0161laidos<\/h2>\n<p>Remmers klinkerreiniger ac sudaro lengvai tirpstan\u010dius junginius, kurie gali b\u016bti lengvai nuplaunami vandeniu. I\u0161eiga svyruoja apie 0,05\u20130,1 kg\/m\u00b2, priklausomai nuo purvo kiekio. Produktas yra u\u017esakomas.<\/p>\n","protected":false},"featured_media":901,"comment_status":"open","ping_status":"closed","template":"","meta":[],"product_brand":[],"product_cat":[60],"product_tag":[62,61],"class_list":{"0":"post-900","1":"product","2":"type-product","3":"status-publish","4":"has-post-thumbnail","6":"product_cat-impregnantai","7":"product_tag-impregnantas","8":"product_tag-remmers","10":"first","11":"outofstock","12":"taxable","13":"shipping-taxable","14":"product-type-simple"},"jetpack_sharing_enabled":true,"_links":{"self":[{"href":"https:\/\/vygandaslepsys.lt\/nsi\/wp-json\/wp\/v2\/product\/900","targetHints":{"allow":["GET"]}}],"collection":[{"href":"https:\/\/vygandaslepsys.lt\/nsi\/wp-json\/wp\/v2\/product"}],"about":[{"href":"https:\/\/vygandaslepsys.lt\/nsi\/wp-json\/wp\/v2\/types\/product"}],"replies":[{"embeddable":true,"href":"https:\/\/vygandaslepsys.lt\/nsi\/wp-json\/wp\/v2\/comments?post=900"}],"wp:featuredmedia":[{"embeddable":true,"href":"https:\/\/vygandaslepsys.lt\/nsi\/wp-json\/wp\/v2\/media\/901"}],"wp:attachment":[{"href":"https:\/\/vygandaslepsys.lt\/nsi\/wp-json\/wp\/v2\/media?parent=900"}],"wp:term":[{"taxonomy":"product_brand","embeddable":true,"href":"https:\/\/vygandaslepsys.lt\/nsi\/wp-json\/wp\/v2\/product_brand?post=900"},{"taxonomy":"product_cat","embeddable":true,"href":"https:\/\/vygandaslepsys.lt\/nsi\/wp-json\/wp\/v2\/product_cat?post=900"},{"taxonomy":"product_tag","embeddable":true,"href":"https:\/\/vygandaslepsys.lt\/nsi\/wp-json\/wp\/v2\/product_tag?post=900"}],"curies":[{"name":"wp","href":"https:\/\/api.w.org\/{rel}","templated":true}]}}